2, 11, 19, 8419
What are the prime factors of 6249677826?
2, 3, 7, 148801853
What are the prime factors of 1099657286?
2, 7, 13, 337, 17929
List the prime factors of 673820002.
2, 59, 1699, 3361
List the prime factors of 70437649.
70437649
What are the prime factors of 492679568?
2, 37, 47, 17707
What are the prime factors of 3134775827?
37, 41, 113, 18287
What are the prime factors of 17508141?
3, 7, 29, 37
What are the prime factors of 221927980?
2, 5, 19, 337, 1733
List the prime factors of 53302553.
53302553
List the prime factors of 602826209.
281, 2145289
List the prime factors of 259849951.
259849951
List the prime factors of 1749149743.
11, 43, 336181
What are the prime factors of 87551113?
13, 41, 277, 593
List the prime factors of 85900722.
2, 3, 23, 191, 3259
List the prime factors of 232740090.
2, 3, 5, 11, 235091
What are the prime factors of 453428099?
453428099
List the prime factors of 108922201.
59, 1846139
List the prime factors of 99252766.
2, 17, 2919199
What are the prime factors of 128714741?
2719, 47339
List the prime factors of 64189722.
2, 3, 17, 629311
What are the prime factors of 1994199836?
2, 53, 503, 18701
What are the prime factors of 121981316?
2, 30495329
What are the prime factors of 172593705?
3, 5, 53, 61, 3559
List the prime factors of 463297575.
3, 5, 13, 643, 739
What are the prime factors of 41828531?
41828531
List the prime factors of 165897664.
2, 19, 136429
What are the prime factors of 155509208?
2, 53, 353, 1039
List the prime factors of 2727850937.
7, 37, 10532243
List the prime factors of 5398161.
3, 223, 8069
List the prime factors of 680603640.
2, 3, 5, 5671697
What are the prime factors of 3826695962?
2, 1913347981
What are the prime factors of 742088918?
2, 67, 311, 17807
What are the prime factors of 308538325?
5, 41, 301013
List the prime factors of 162374237.
47, 3454771
List the prime factors of 1539443486.
2, 7, 15708607
List the prime factors of 41755675.
5, 13, 9883
List the prime factors of 40256675.
5, 47, 34261
List the prime factors of 1880695431.
3, 17, 12292127
List the prime factors of 117766457.
1201, 98057
List the prime factors of 637335188.
2, 7, 197, 227, 509
List the prime factors of 258143368.
2, 7, 17, 38737
What are the prime factors of 3252800131?
7, 464685733
What are the prime factors of 2960394?
2, 3, 493399
List the prime factors of 1977799698.
2, 3, 7, 227, 69149
List the prime factors of 669214694.
2, 19, 251, 70163
List the prime factors of 10140733.
43, 113, 2087
What are the prime factors of 338664367?
31, 37, 503, 587
List the prime factors of 170574888.
2, 3, 11, 97, 6661
List the prime factors of 47228737.
17, 19, 73, 2003
What are the prime factors of 532181188?
2, 7, 11, 47, 97, 379
What are the prime factors of 1149687242?
2, 11, 101, 517411
List the prime factors of 642806328.
2, 3, 19, 31, 37, 1229
List the prime factors of 91186012.
2, 22796503
List the prime factors of 427140104.
2, 3847, 13879
What are the prime factors of 1100916669?
3, 1447, 253609
List the prime factors of 86527701.
3, 13, 739553
What are the prime factors of 86431937?
31, 61, 45707
What are the prime factors of 382400649?
3, 3491, 4057
List the prime factors of 86517837.
3, 7, 67, 103, 199
What are the prime factors of 1750342534?
2, 875171267
List the prime factors of 1430366618.
2, 59, 181, 193, 347
List the prime factors of 1055586083.
17, 3652547
What are the prime factors of 969006527?
113, 349, 24571
What are the prime factors of 2820406?
2, 1410203
What are the prime factors of 134773725?
3, 5, 1796983
List the prime factors of 671516991.
3, 2371, 31469
List the prime factors of 476338818.
2, 3, 761, 104323
List the prime factors of 2447592613.
1213, 2017801
List the prime factors of 3209144955.
3, 5, 31, 6901387
List the prime factors of 662663396.
2, 23, 2239, 3217
List the prime factors of 210857090.
2, 5, 21085709
What are the prime factors of 41519949?
3, 13839983
What are the prime factors of 3112730420?
2, 5, 137, 401, 2833
What are the prime factors of 41190628?
2, 101, 101957
List the prime factors of 7066157770.
2, 5, 7, 389, 259499
What are the prime factors of 1008765027?
3, 23, 73, 241, 277
List the prime factors of 74152611.
3, 13, 19, 11119
List the prime factors of 632725200.
2, 3, 5, 175757
List the prime factors of 20623110.
2, 3, 5, 687437
What are the prime factors of 84349711?
84349711
List the prime factors of 10891131.
3, 3630377
What are the prime factors of 2326327799?
743, 3130993
What are the prime factors of 4502595?
3, 5, 23, 31, 421
What are the prime factors of 1377697501?
1213, 1135777
List the prime factors of 1306132112.
2, 81633257
What are the prime factors of 719906332?
2, 47, 3829289
List the prime factors of 693136540.
2, 5, 29, 37, 32299
What are the prime factors of 286183702?
2, 7, 101, 202393
List the prime factors of 660510973.
660510973
List the prime factors of 57130545.
3, 5, 373, 10211
What are the prime factors of 44083687?
37, 71, 97, 173
List the prime factors of 638621331.
3, 19, 11203883
What are the prime factors of 1960081559?
193, 10155863
List the prime factors of 57494999.
43, 1337093
What are the prime factors of 31242171?
3, 37, 149, 1889
List the prime factors of 8609098.
2, 41, 67, 1567
List the prime factors of 48581561.
7, 6940223
List the prime factors of 43246344.
2, 3, 1801931
What are the prime factors of 89594909?
61, 821, 1789
What are the prime factors of 60792709?
41, 199, 7451
List the prime factors of 887053312.
2, 283, 3061
What are the prime factors of 386493800?
2, 5, 7, 11, 25097
List the prime factors of 399575134.
2, 7, 28541081
List the prime factors of 320751538.
2, 160375769
List the prime factors of 916603790.
2, 5, 17, 41, 131507
List the prime factors of 113979826.
2, 7213, 7901
What are the prime factors of 19711602?
2, 3, 17, 37, 1741
What are the prime factors of 39874149?
3, 7, 632923
List the prime factors of 741613063.
8111, 91433
List the prime factors of 310814253.
3, 15791
List the prime factors of 59942052.
2, 3, 73, 7603
List the prime factors of 32305123.
32305123
What are the prime factors of 2324281272?
2, 3, 139, 257, 2711
What are the prime factors of 133173477?
3, 548039
List the prime factors of 3303718018.
2, 17, 97168177
List the prime factors of 144712604.
2, 59, 613189
List the prime factors of 293204146.
2, 743, 197311
List the prime factors of 39651948.
2, 3, 7, 157349
List the prime factors of 249530945.
5, 49906189
List the prime factors of 49050198.
2, 3, 302779
List the prime factors of 5182730.
2, 5, 7, 1511
List the prime factors of 308751641.
11, 28068331
What are the prime factors of 32409308?
2, 1381, 5867
What are the prime factors of 176139935?
5, 53, 664679
What are the prime factors of 649717895?
5, 47, 2764757
What are the prime factors of 200856263?
23, 1997, 4373
What are the prime factors of 1183520524?
2, 295880131
List the prime factors of 2619370931.
17, 154080643
What are the prime factors of 87163033?
87163033
What are the prime factors of 346547387?
14303, 24229
What are the prime factors of 12808071?
3, 19, 24967
What are the prime factors of 4192610512?
2, 211, 223, 5569
What are the prime factors of 297874045?
5, 7, 53, 160579
What are the prime factors of 8760383?
31, 461, 613
What are the prime factors of 18991828?
2, 4747957
What are the prime factors of 85983631?
85983631
List the prime factors of 1088065892.
2, 17, 157, 101917
List the prime factors of 68501056.
2, 13, 281, 293
List the prime factors of 32141651.
233, 137947
What are the prime factors of 21373295?
5, 151, 28309
List the prime factors of 1710538.
2, 855269
What are the prime factors of 394550516?
2, 31, 107, 131, 227
List the prime factors of 300608809.
29, 10365821
What are the prime factors of 515464531?
17, 29, 631, 1657
List the prime factors of 152349851.
263, 579277
List the prime factors of 3841430078.
2, 22381, 85819
List the prime factors of 14409108.
2, 3, 7, 57179
What are the prime factors of 45449199?
3, 5049911
List the prime factors of 2114994643.
5209, 406027
List the prime factors of 234174025.
5, 9366961
What are the prime factors of 5357353953?
3, 7, 79, 3229267
List the prime factors of 23902701.
3, 223, 35729
List the prime factors of 2303153